{"id":5630,"date":"2025-10-10T16:29:34","date_gmt":"2025-10-10T19:29:34","guid":{"rendered":"https:\/\/www.guigaaviamentos.com.br\/loja\/?post_type=product&#038;p=5630"},"modified":"2026-03-23T12:48:46","modified_gmt":"2026-03-23T15:48:46","slug":"kit-passador-de-elastico-cordao-vira-fita-alca-rolete","status":"publish","type":"product","link":"https:\/\/www.guigaaviamentos.com.br\/loja\/produto\/kit-passador-de-elastico-cordao-vira-fita-alca-rolete\/","title":{"rendered":"Kit Passador de El\u00e1stico\/Cord\u00e3o + Vira Fita Al\u00e7a Rolet\u00ea"},"content":{"rendered":"<p>\ud83d\udccd Aplica\u00e7\u00f5es do virador de al\u00e7a rolet\u00ea<br \/>\n*Virar al\u00e7as finas de vestidos, blusas, macac\u00f5es, tops e roupas infantis.<br \/>\n*Virar tiras para lingerie, soutiens e roupas \u00edntimas.<br \/>\n*Virar cord\u00f5es de tecido usados em detalhes de roupas, bolsas e cal\u00e7ados.<br \/>\n*Acabamentos em artesanato (como la\u00e7os, passantes, fitas e tiras estreitas).<br \/>\n*Al\u00e7as de bolsas e mochilas feitas em tecido ou vi\u00e9s.<br \/>\n*Tiras decorativas em almofadas, cortinas e artigos de cama\/mesa\/banho.<\/p>\n<p>\ud83d\udccd O Kit cont\u00e9m:<br \/>\n\u2705 1 Passador de el\u00e1stico e cord\u00e3o.<br \/>\n\u2705 1 Virador al\u00e7a e rolet\u00ea.<\/p>\n<p>\ud83d\udccd Medidas<br \/>\n\u2705 Passador el\u00e1stico: 8cm<br \/>\n\u2705 Virador al\u00e7a rolet\u00ea: 26cm<\/p>\n","protected":false},"excerpt":{"rendered":"<p>\ud83d\udccd Aplica\u00e7\u00f5es do virador de al\u00e7a rolet\u00ea *Virar al\u00e7as finas de vestidos, blusas, macac\u00f5es, tops e roupas infantis. *Virar tiras para lingerie, soutiens e roupas \u00edntimas.<span class=\"excerpt-hellip\"> [\u2026]<\/span><\/p>\n","protected":false},"featured_media":5631,"template":"","meta":[],"product_brand":[],"product_cat":[85,82],"product_tag":[1604],"class_list":{"0":"post-5630","1":"product","2":"type-product","3":"status-publish","4":"has-post-thumbnail","6":"product_cat-acessorios-costura","7":"product_cat-corte-costura","8":"product_tag-vira-alca","10":"first","11":"instock","12":"shipping-taxable","13":"product-type-simple"},"_links":{"self":[{"href":"https:\/\/www.guigaaviamentos.com.br\/loja\/wp-json\/wp\/v2\/product\/5630","targetHints":{"allow":["GET"]}}],"collection":[{"href":"https:\/\/www.guigaaviamentos.com.br\/loja\/wp-json\/wp\/v2\/product"}],"about":[{"href":"https:\/\/www.guigaaviamentos.com.br\/loja\/wp-json\/wp\/v2\/types\/product"}],"wp:featuredmedia":[{"embeddable":true,"href":"https:\/\/www.guigaaviamentos.com.br\/loja\/wp-json\/wp\/v2\/media\/5631"}],"wp:attachment":[{"href":"https:\/\/www.guigaaviamentos.com.br\/loja\/wp-json\/wp\/v2\/media?parent=5630"}],"wp:term":[{"taxonomy":"product_brand","embeddable":true,"href":"https:\/\/www.guigaaviamentos.com.br\/loja\/wp-json\/wp\/v2\/product_brand?post=5630"},{"taxonomy":"product_cat","embeddable":true,"href":"https:\/\/www.guigaaviamentos.com.br\/loja\/wp-json\/wp\/v2\/product_cat?post=5630"},{"taxonomy":"product_tag","embeddable":true,"href":"https:\/\/www.guigaaviamentos.com.br\/loja\/wp-json\/wp\/v2\/product_tag?post=5630"}],"curies":[{"name":"wp","href":"https:\/\/api.w.org\/{rel}","templated":true}]}}