{"id":4718,"date":"2025-09-30T16:30:08","date_gmt":"2025-09-30T19:30:08","guid":{"rendered":"https:\/\/www.guigaaviamentos.com.br\/loja\/?post_type=product&#038;p=4718"},"modified":"2026-03-23T12:53:41","modified_gmt":"2026-03-23T15:53:41","slug":"calcador-reta-multifuncional-t9-guia-pesponto-regulavel-barra-bainha-cadarco","status":"publish","type":"product","link":"https:\/\/www.guigaaviamentos.com.br\/loja\/produto\/calcador-reta-multifuncional-t9-guia-pesponto-regulavel-barra-bainha-cadarco\/","title":{"rendered":"Calcador Reta Multifuncional T9  Guia Pesponto Regul\u00e1vel Barra Bainha Cadar\u00e7o"},"content":{"rendered":"<p>O calcador multifuncional T9 \u00e9 ideal para voc\u00ea costureira que procura praticidade e efici\u00eancia, permitindo que realize diversos trabalhos sem precisar trocar o calcador.<\/p>\n<p>Principais caracter\u00edsticas<br \/>\n* Guia regul\u00e1vel que permite aplicar el\u00e1sticos, cord\u00f5es, fitas;<br \/>\n*Barras e Bainhas com mais praticidade;<br \/>\n*Refor\u00e7o Cobre Gola de camisas e camisetas;<br \/>\n*Pesponto;<br \/>\n*Regulagem de at\u00e9 2 cm.<\/p>\n<p>**IMPORTANTE: COMPAT\u00cdVEL SOMENTE COMO M\u00c1QUINA RETA INDUSTRIAL E SEMI INDUSTRIAL (PONTO RETO) **<\/p>\n","protected":false},"excerpt":{"rendered":"<p>O calcador multifuncional T9 \u00e9 ideal para voc\u00ea costureira que procura praticidade e efici\u00eancia, permitindo que realize diversos trabalhos sem precisar trocar o calcador. Principais caracter\u00edsticas<span class=\"excerpt-hellip\"> [\u2026]<\/span><\/p>\n","protected":false},"featured_media":4719,"template":"","meta":[],"product_brand":[],"product_cat":[1402],"product_tag":[131,1394,1408],"class_list":{"0":"post-4718","1":"product","2":"type-product","3":"status-publish","4":"has-post-thumbnail","6":"product_cat-calcadores","7":"product_tag-calcador","8":"product_tag-industrial","9":"product_tag-reta","11":"first","12":"instock","13":"shipping-taxable","14":"product-type-simple"},"_links":{"self":[{"href":"https:\/\/www.guigaaviamentos.com.br\/loja\/wp-json\/wp\/v2\/product\/4718","targetHints":{"allow":["GET"]}}],"collection":[{"href":"https:\/\/www.guigaaviamentos.com.br\/loja\/wp-json\/wp\/v2\/product"}],"about":[{"href":"https:\/\/www.guigaaviamentos.com.br\/loja\/wp-json\/wp\/v2\/types\/product"}],"wp:featuredmedia":[{"embeddable":true,"href":"https:\/\/www.guigaaviamentos.com.br\/loja\/wp-json\/wp\/v2\/media\/4719"}],"wp:attachment":[{"href":"https:\/\/www.guigaaviamentos.com.br\/loja\/wp-json\/wp\/v2\/media?parent=4718"}],"wp:term":[{"taxonomy":"product_brand","embeddable":true,"href":"https:\/\/www.guigaaviamentos.com.br\/loja\/wp-json\/wp\/v2\/product_brand?post=4718"},{"taxonomy":"product_cat","embeddable":true,"href":"https:\/\/www.guigaaviamentos.com.br\/loja\/wp-json\/wp\/v2\/product_cat?post=4718"},{"taxonomy":"product_tag","embeddable":true,"href":"https:\/\/www.guigaaviamentos.com.br\/loja\/wp-json\/wp\/v2\/product_tag?post=4718"}],"curies":[{"name":"wp","href":"https:\/\/api.w.org\/{rel}","templated":true}]}}