{"id":4681,"date":"2025-09-30T15:46:03","date_gmt":"2025-09-30T18:46:03","guid":{"rendered":"https:\/\/www.guigaaviamentos.com.br\/loja\/?post_type=product&#038;p=4681"},"modified":"2026-03-23T12:54:27","modified_gmt":"2026-03-23T15:54:27","slug":"caixa-estojo-organizador-para-bobinas-e-acessorios","status":"publish","type":"product","link":"https:\/\/www.guigaaviamentos.com.br\/loja\/produto\/caixa-estojo-organizador-para-bobinas-e-acessorios\/","title":{"rendered":"Caixa Estojo Organizador para Bobinas e Acess\u00f3rios"},"content":{"rendered":"<p>O estojo organizador \u00e9 a solu\u00e7\u00e3o ideal para voc\u00ea costureira e artes\u00e3 que busca praticidade e organiza\u00e7\u00e3o no seu dia a dia. \u00c9 fabricado em pl\u00e1stico transparente super refor\u00e7ado e possui 25 compartimentos para voc\u00ea organizar suas bobinas e acess\u00f3rios de costura.<\/p>\n<p>Medidas da caixa organizadora: 12 * 10 * 2,5 cm<\/p>\n<p>Compat\u00edvel com bobinas altas ou baixas.<br \/>\nAn\u00fancio referente \u00e0 1 (uma) caixa organizadora vazia.<\/p>\n<p>***ATEN\u00c7\u00c3O: N\u00c3O ACOMPANHAM AS BOBINAS****<\/p>\n","protected":false},"excerpt":{"rendered":"<p>O estojo organizador \u00e9 a solu\u00e7\u00e3o ideal para voc\u00ea costureira e artes\u00e3 que busca praticidade e organiza\u00e7\u00e3o no seu dia a dia. \u00c9 fabricado em pl\u00e1stico<span class=\"excerpt-hellip\"> [\u2026]<\/span><\/p>\n","protected":false},"featured_media":4683,"template":"","meta":[],"product_brand":[],"product_cat":[85,82],"product_tag":[1399,1398],"class_list":{"0":"post-4681","1":"product","2":"type-product","3":"status-publish","4":"has-post-thumbnail","6":"product_cat-acessorios-costura","7":"product_cat-corte-costura","8":"product_tag-boina","9":"product_tag-caixa-organizadora","11":"first","12":"instock","13":"shipping-taxable","14":"product-type-simple"},"_links":{"self":[{"href":"https:\/\/www.guigaaviamentos.com.br\/loja\/wp-json\/wp\/v2\/product\/4681","targetHints":{"allow":["GET"]}}],"collection":[{"href":"https:\/\/www.guigaaviamentos.com.br\/loja\/wp-json\/wp\/v2\/product"}],"about":[{"href":"https:\/\/www.guigaaviamentos.com.br\/loja\/wp-json\/wp\/v2\/types\/product"}],"wp:featuredmedia":[{"embeddable":true,"href":"https:\/\/www.guigaaviamentos.com.br\/loja\/wp-json\/wp\/v2\/media\/4683"}],"wp:attachment":[{"href":"https:\/\/www.guigaaviamentos.com.br\/loja\/wp-json\/wp\/v2\/media?parent=4681"}],"wp:term":[{"taxonomy":"product_brand","embeddable":true,"href":"https:\/\/www.guigaaviamentos.com.br\/loja\/wp-json\/wp\/v2\/product_brand?post=4681"},{"taxonomy":"product_cat","embeddable":true,"href":"https:\/\/www.guigaaviamentos.com.br\/loja\/wp-json\/wp\/v2\/product_cat?post=4681"},{"taxonomy":"product_tag","embeddable":true,"href":"https:\/\/www.guigaaviamentos.com.br\/loja\/wp-json\/wp\/v2\/product_tag?post=4681"}],"curies":[{"name":"wp","href":"https:\/\/api.w.org\/{rel}","templated":true}]}}