{"id":3795,"date":"2025-06-05T16:39:10","date_gmt":"2025-06-05T19:39:10","guid":{"rendered":"https:\/\/www.guigaaviamentos.com.br\/loja\/?post_type=product&#038;p=3795"},"modified":"2026-03-23T12:56:27","modified_gmt":"2026-03-23T15:56:27","slug":"tesoura-pic-de-arremate-tecelao-mundial-original","status":"publish","type":"product","link":"https:\/\/www.guigaaviamentos.com.br\/loja\/produto\/tesoura-pic-de-arremate-tecelao-mundial-original\/","title":{"rendered":"TESOURA PIC DE ARREMATE TECEL\u00c3O MUNDIAL &#8211; ORIGINAL"},"content":{"rendered":"<p>A TESOURA DE ARREMATE MUNDIAL \u00c9 GARANTIA DE QUALIDADE. POSSUI CABO EM PL\u00c1STICO REFOR\u00c7ADO, GARANTINDO MAIOR FIRMEZA E DURABILIDADE NO ARREMATE, E SUA L\u00c2MINA DE A\u00c7O INOX GARANTE UMA ALTA DURABILIDADE.<\/p>\n<p>****GARANTIA DE QUALIDADE MUNDIAL****<\/p>\n<p>TAMANHO: 11.5 CM X 4.7 CM<\/p>\n","protected":false},"excerpt":{"rendered":"<p>A TESOURA DE ARREMATE MUNDIAL \u00c9 GARANTIA DE QUALIDADE. POSSUI CABO EM PL\u00c1STICO REFOR\u00c7ADO, GARANTINDO MAIOR FIRMEZA E DURABILIDADE NO ARREMATE, E SUA L\u00c2MINA DE A\u00c7O<span class=\"excerpt-hellip\"> [\u2026]<\/span><\/p>\n","protected":false},"featured_media":3796,"template":"","meta":[],"product_brand":[],"product_cat":[82,83],"product_tag":[1136,944,947],"class_list":{"0":"post-3795","1":"product","2":"type-product","3":"status-publish","4":"has-post-thumbnail","6":"product_cat-corte-costura","7":"product_cat-tesoura","8":"product_tag-arremate","9":"product_tag-mundial","10":"product_tag-pic","12":"first","13":"instock","14":"shipping-taxable","15":"product-type-simple"},"_links":{"self":[{"href":"https:\/\/www.guigaaviamentos.com.br\/loja\/wp-json\/wp\/v2\/product\/3795","targetHints":{"allow":["GET"]}}],"collection":[{"href":"https:\/\/www.guigaaviamentos.com.br\/loja\/wp-json\/wp\/v2\/product"}],"about":[{"href":"https:\/\/www.guigaaviamentos.com.br\/loja\/wp-json\/wp\/v2\/types\/product"}],"wp:featuredmedia":[{"embeddable":true,"href":"https:\/\/www.guigaaviamentos.com.br\/loja\/wp-json\/wp\/v2\/media\/3796"}],"wp:attachment":[{"href":"https:\/\/www.guigaaviamentos.com.br\/loja\/wp-json\/wp\/v2\/media?parent=3795"}],"wp:term":[{"taxonomy":"product_brand","embeddable":true,"href":"https:\/\/www.guigaaviamentos.com.br\/loja\/wp-json\/wp\/v2\/product_brand?post=3795"},{"taxonomy":"product_cat","embeddable":true,"href":"https:\/\/www.guigaaviamentos.com.br\/loja\/wp-json\/wp\/v2\/product_cat?post=3795"},{"taxonomy":"product_tag","embeddable":true,"href":"https:\/\/www.guigaaviamentos.com.br\/loja\/wp-json\/wp\/v2\/product_tag?post=3795"}],"curies":[{"name":"wp","href":"https:\/\/api.w.org\/{rel}","templated":true}]}}