{"id":3696,"date":"2025-06-05T16:40:19","date_gmt":"2025-06-05T19:40:19","guid":{"rendered":"https:\/\/www.guigaaviamentos.com.br\/loja\/?post_type=product&#038;p=3696"},"modified":"2026-03-23T12:56:19","modified_gmt":"2026-03-23T15:56:19","slug":"mini-ferro-steamer-a-vapor-viagem-portatil-bivolt-lanmax","status":"publish","type":"product","link":"https:\/\/www.guigaaviamentos.com.br\/loja\/produto\/mini-ferro-steamer-a-vapor-viagem-portatil-bivolt-lanmax\/","title":{"rendered":"MINI FERRO STEAMER \u00c0 VAPOR VIAGEM PORT\u00c1TIL BIVOLT LANMAX"},"content":{"rendered":"<p>****MINI FERRO PORT\u00c1TIL \u00c0 VAPOR LANMAX \u00c9 GARANTIA DE QUALIDADE E EFICI\u00caNCIA****<\/p>\n<p>PR\u00c1TICO, RESISTENTE, LEVE E COM DESING ERGON\u00d4MICO QUE PERMITE SER UTILIZADO NO MODO HORIZONTAL OU COMO STEAMER VERTICAL, IDEAL PARA VIAGENS, PERMITINDO PASSAR SUAS ROUPAS DIRETO NO CABIDE.<\/p>\n<p>CONT\u00c9M<\/p>\n<p>*1 FERRO<br \/>\n*1 ESCOVA PARA TECIDOS (IDEAL PARA TIRAR PELOS DAS ROUPAS);<br \/>\n*1 RECIPIENTE PARA ABASTECIMENTO DE \u00c1GUA;<br \/>\n*1 BOLSA PARA GUARDAR O FERRO.<\/p>\n<p>CARACTER\u00cdSTICA<\/p>\n<p>* 2 OP\u00c7\u00d5ES DE USO (HORIZONTAL OU STEAMER VERTICAL);<br \/>\n*BASE ANTIADERENTE;<br \/>\n*CABO EMCORRACHADO GIRAT\u00d3RIO;<br \/>\n*LUZ PILOTO;<br \/>\n*BOT\u00c3O DE CONTROLE DE TEMPERATURA;<br \/>\n*BIVOLT;<br \/>\n*POT\u00caNCIA 800W<\/p>\n","protected":false},"excerpt":{"rendered":"<p>****MINI FERRO PORT\u00c1TIL \u00c0 VAPOR LANMAX \u00c9 GARANTIA DE QUALIDADE E EFICI\u00caNCIA**** PR\u00c1TICO, RESISTENTE, LEVE E COM DESING ERGON\u00d4MICO QUE PERMITE SER UTILIZADO NO MODO HORIZONTAL<span class=\"excerpt-hellip\"> [\u2026]<\/span><\/p>\n","protected":false},"featured_media":3697,"template":"","meta":[],"product_brand":[],"product_cat":[79,85,82,76],"product_tag":[1100,112,1098,1099],"class_list":{"0":"post-3696","1":"product","2":"type-product","3":"status-publish","4":"has-post-thumbnail","6":"product_cat-patchwork-acessorios","7":"product_cat-acessorios-costura","8":"product_cat-corte-costura","9":"product_cat-patchwork","10":"product_tag-ferro","11":"product_tag-lanmax","12":"product_tag-mini-ferro","13":"product_tag-portatil","15":"first","16":"instock","17":"shipping-taxable","18":"product-type-simple"},"_links":{"self":[{"href":"https:\/\/www.guigaaviamentos.com.br\/loja\/wp-json\/wp\/v2\/product\/3696","targetHints":{"allow":["GET"]}}],"collection":[{"href":"https:\/\/www.guigaaviamentos.com.br\/loja\/wp-json\/wp\/v2\/product"}],"about":[{"href":"https:\/\/www.guigaaviamentos.com.br\/loja\/wp-json\/wp\/v2\/types\/product"}],"wp:featuredmedia":[{"embeddable":true,"href":"https:\/\/www.guigaaviamentos.com.br\/loja\/wp-json\/wp\/v2\/media\/3697"}],"wp:attachment":[{"href":"https:\/\/www.guigaaviamentos.com.br\/loja\/wp-json\/wp\/v2\/media?parent=3696"}],"wp:term":[{"taxonomy":"product_brand","embeddable":true,"href":"https:\/\/www.guigaaviamentos.com.br\/loja\/wp-json\/wp\/v2\/product_brand?post=3696"},{"taxonomy":"product_cat","embeddable":true,"href":"https:\/\/www.guigaaviamentos.com.br\/loja\/wp-json\/wp\/v2\/product_cat?post=3696"},{"taxonomy":"product_tag","embeddable":true,"href":"https:\/\/www.guigaaviamentos.com.br\/loja\/wp-json\/wp\/v2\/product_tag?post=3696"}],"curies":[{"name":"wp","href":"https:\/\/api.w.org\/{rel}","templated":true}]}}