{"id":3683,"date":"2025-06-06T10:31:07","date_gmt":"2025-06-06T13:31:07","guid":{"rendered":"https:\/\/www.guigaaviamentos.com.br\/loja\/?post_type=product&#038;p=3683"},"modified":"2026-03-28T08:41:13","modified_gmt":"2026-03-28T11:41:13","slug":"caneta-marcar-tecido-magica-fantasminha","status":"publish","type":"product","link":"https:\/\/www.guigaaviamentos.com.br\/loja\/produto\/caneta-marcar-tecido-magica-fantasminha\/","title":{"rendered":"CANETA MARCAR TECIDO M\u00c1GICA FANTASMINHA"},"content":{"rendered":"<p>A Caneta Fantasminha possui um risco fino e preciso, e a marca\u00e7\u00e3o sai em contato com a temperatura do ferro ou pela fric\u00e7\u00e3o com a ponta emborrachada da caneta.<\/p>\n<p>***DISPON\u00cdVEL NAS CORES PRETA, AZUL, VERMELHA, VERDE, ROSA, MARROM E ROXA***<\/p>\n<ul>\n<li>APAGA COM O CALOR.<\/li>\n<\/ul>\n<p>MARCA: KAS<br \/>\nQUANTIDADE: 1 CANETA<\/p>\n","protected":false},"excerpt":{"rendered":"<p>A Caneta Fantasminha possui um risco fino e preciso, e a marca\u00e7\u00e3o sai em contato com a temperatura do ferro ou pela fric\u00e7\u00e3o com a ponta<span class=\"excerpt-hellip\"> [\u2026]<\/span><\/p>\n","protected":false},"featured_media":3691,"template":"","meta":[],"product_brand":[],"product_cat":[79,85,82,76],"product_tag":[1095,1096],"class_list":{"0":"post-3683","1":"product","2":"type-product","3":"status-publish","4":"has-post-thumbnail","6":"product_cat-patchwork-acessorios","7":"product_cat-acessorios-costura","8":"product_cat-corte-costura","9":"product_cat-patchwork","10":"product_tag-caneta","11":"product_tag-fantasminha","13":"first","14":"instock","15":"shipping-taxable","16":"product-type-simple"},"_links":{"self":[{"href":"https:\/\/www.guigaaviamentos.com.br\/loja\/wp-json\/wp\/v2\/product\/3683","targetHints":{"allow":["GET"]}}],"collection":[{"href":"https:\/\/www.guigaaviamentos.com.br\/loja\/wp-json\/wp\/v2\/product"}],"about":[{"href":"https:\/\/www.guigaaviamentos.com.br\/loja\/wp-json\/wp\/v2\/types\/product"}],"wp:featuredmedia":[{"embeddable":true,"href":"https:\/\/www.guigaaviamentos.com.br\/loja\/wp-json\/wp\/v2\/media\/3691"}],"wp:attachment":[{"href":"https:\/\/www.guigaaviamentos.com.br\/loja\/wp-json\/wp\/v2\/media?parent=3683"}],"wp:term":[{"taxonomy":"product_brand","embeddable":true,"href":"https:\/\/www.guigaaviamentos.com.br\/loja\/wp-json\/wp\/v2\/product_brand?post=3683"},{"taxonomy":"product_cat","embeddable":true,"href":"https:\/\/www.guigaaviamentos.com.br\/loja\/wp-json\/wp\/v2\/product_cat?post=3683"},{"taxonomy":"product_tag","embeddable":true,"href":"https:\/\/www.guigaaviamentos.com.br\/loja\/wp-json\/wp\/v2\/product_tag?post=3683"}],"curies":[{"name":"wp","href":"https:\/\/api.w.org\/{rel}","templated":true}]}}