{"id":3661,"date":"2025-06-05T14:21:39","date_gmt":"2025-06-05T17:21:39","guid":{"rendered":"https:\/\/www.guigaaviamentos.com.br\/loja\/?post_type=product&#038;p=3661"},"modified":"2026-03-23T12:56:50","modified_gmt":"2026-03-23T15:56:50","slug":"alfinete-cabeca-de-vidro-fino-lanmax","status":"publish","type":"product","link":"https:\/\/www.guigaaviamentos.com.br\/loja\/produto\/alfinete-cabeca-de-vidro-fino-lanmax\/","title":{"rendered":"ALFINETE CABE\u00c7A DE VIDRO FINO LANMAX"},"content":{"rendered":"<p>ALFINETE CABE\u00c7A DE VIDRO LANMAX<\/p>\n<p>IDEAL PARA MARCAR PE\u00c7AS DELICADAS COMO CETIM, MALHA, OXFORD, TRICOLINE, ETC.<\/p>\n<p>MATERIAL SUPER RESISTENTE, N\u00c3O ENFERRUJA E N\u00c3O REPUXA AS FIBRAS DO TECIDO.<\/p>\n<p>QUANTIDADE POR CAIXA: 100 UNIDADES<\/p>\n","protected":false},"excerpt":{"rendered":"<p>ALFINETE CABE\u00c7A DE VIDRO LANMAX IDEAL PARA MARCAR PE\u00c7AS DELICADAS COMO CETIM, MALHA, OXFORD, TRICOLINE, ETC. MATERIAL SUPER RESISTENTE, N\u00c3O ENFERRUJA E N\u00c3O REPUXA AS FIBRAS<span class=\"excerpt-hellip\"> [\u2026]<\/span><\/p>\n","protected":false},"featured_media":3410,"template":"","meta":[],"product_brand":[],"product_cat":[85,82],"product_tag":[143,1078,112],"class_list":{"0":"post-3661","1":"product","2":"type-product","3":"status-publish","4":"has-post-thumbnail","6":"product_cat-acessorios-costura","7":"product_cat-corte-costura","8":"product_tag-alfinete","9":"product_tag-cabeca-de-vidro","10":"product_tag-lanmax","12":"first","13":"instock","14":"shipping-taxable","15":"product-type-simple"},"_links":{"self":[{"href":"https:\/\/www.guigaaviamentos.com.br\/loja\/wp-json\/wp\/v2\/product\/3661","targetHints":{"allow":["GET"]}}],"collection":[{"href":"https:\/\/www.guigaaviamentos.com.br\/loja\/wp-json\/wp\/v2\/product"}],"about":[{"href":"https:\/\/www.guigaaviamentos.com.br\/loja\/wp-json\/wp\/v2\/types\/product"}],"wp:featuredmedia":[{"embeddable":true,"href":"https:\/\/www.guigaaviamentos.com.br\/loja\/wp-json\/wp\/v2\/media\/3410"}],"wp:attachment":[{"href":"https:\/\/www.guigaaviamentos.com.br\/loja\/wp-json\/wp\/v2\/media?parent=3661"}],"wp:term":[{"taxonomy":"product_brand","embeddable":true,"href":"https:\/\/www.guigaaviamentos.com.br\/loja\/wp-json\/wp\/v2\/product_brand?post=3661"},{"taxonomy":"product_cat","embeddable":true,"href":"https:\/\/www.guigaaviamentos.com.br\/loja\/wp-json\/wp\/v2\/product_cat?post=3661"},{"taxonomy":"product_tag","embeddable":true,"href":"https:\/\/www.guigaaviamentos.com.br\/loja\/wp-json\/wp\/v2\/product_tag?post=3661"}],"curies":[{"name":"wp","href":"https:\/\/api.w.org\/{rel}","templated":true}]}}