{"id":3636,"date":"2025-06-09T13:59:35","date_gmt":"2025-06-09T16:59:35","guid":{"rendered":"https:\/\/www.guigaaviamentos.com.br\/loja\/?post_type=product&#038;p=3636"},"modified":"2026-03-27T09:21:54","modified_gmt":"2026-03-27T12:21:54","slug":"agulha-curta-para-fechadeira-de-braco-industrial-uyx128gas-orange","status":"publish","type":"product","link":"https:\/\/www.guigaaviamentos.com.br\/loja\/produto\/agulha-curta-para-fechadeira-de-braco-industrial-uyx128gas-orange\/","title":{"rendered":"Agulha Curta para Fechadeira de Bra\u00e7o Industrial UYx128GAS &#8211; Orange"},"content":{"rendered":"<p>Agulha equivalente com as m\u00e1quinas\u00a0 galoneira de c\u00f3s, fechadeira plana curta\u00a0 e fechadeira de bra\u00e7o curta &#8211; Marca: Orange<\/p>\n<p><strong>*Pacote com 10 agulhas<\/strong><\/p>\n<p>Numera\u00e7\u00f5es dispon\u00edveis: 12 \/ 14<\/p>\n<p>Equival\u00eancia: UO x 128 Gas \/ 1280-3651<\/p>\n","protected":false},"excerpt":{"rendered":"<p>Agulha equivalente com as m\u00e1quinas\u00a0 galoneira de c\u00f3s, fechadeira plana curta\u00a0 e fechadeira de bra\u00e7o curta &#8211; Marca: Orange *Pacote com 10 agulhas Numera\u00e7\u00f5es dispon\u00edveis: 12<span class=\"excerpt-hellip\"> [\u2026]<\/span><\/p>\n","protected":false},"featured_media":3637,"template":"","meta":[],"product_brand":[],"product_cat":[30,44],"product_tag":[1043,1066,1065,1067],"class_list":{"0":"post-3636","1":"product","2":"type-product","3":"status-publish","4":"has-post-thumbnail","6":"product_cat-agulha","7":"product_cat-agulha-maquina","8":"product_tag-agulha-maquina","9":"product_tag-fechadeira-braco-curta","10":"product_tag-fechadeira-plana-curta","11":"product_tag-galoneira-cos","13":"first","14":"instock","15":"shipping-taxable","16":"product-type-simple"},"_links":{"self":[{"href":"https:\/\/www.guigaaviamentos.com.br\/loja\/wp-json\/wp\/v2\/product\/3636","targetHints":{"allow":["GET"]}}],"collection":[{"href":"https:\/\/www.guigaaviamentos.com.br\/loja\/wp-json\/wp\/v2\/product"}],"about":[{"href":"https:\/\/www.guigaaviamentos.com.br\/loja\/wp-json\/wp\/v2\/types\/product"}],"wp:featuredmedia":[{"embeddable":true,"href":"https:\/\/www.guigaaviamentos.com.br\/loja\/wp-json\/wp\/v2\/media\/3637"}],"wp:attachment":[{"href":"https:\/\/www.guigaaviamentos.com.br\/loja\/wp-json\/wp\/v2\/media?parent=3636"}],"wp:term":[{"taxonomy":"product_brand","embeddable":true,"href":"https:\/\/www.guigaaviamentos.com.br\/loja\/wp-json\/wp\/v2\/product_brand?post=3636"},{"taxonomy":"product_cat","embeddable":true,"href":"https:\/\/www.guigaaviamentos.com.br\/loja\/wp-json\/wp\/v2\/product_cat?post=3636"},{"taxonomy":"product_tag","embeddable":true,"href":"https:\/\/www.guigaaviamentos.com.br\/loja\/wp-json\/wp\/v2\/product_tag?post=3636"}],"curies":[{"name":"wp","href":"https:\/\/api.w.org\/{rel}","templated":true}]}}