{"id":3618,"date":"2025-06-09T13:48:59","date_gmt":"2025-06-09T16:48:59","guid":{"rendered":"https:\/\/www.guigaaviamentos.com.br\/loja\/?post_type=product&#038;p=3618"},"modified":"2026-03-27T09:33:30","modified_gmt":"2026-03-27T12:33:30","slug":"agulha-para-maquina-botoneira-industrial-tqx1-orange","status":"publish","type":"product","link":"https:\/\/www.guigaaviamentos.com.br\/loja\/produto\/agulha-para-maquina-botoneira-industrial-tqx1-orange\/","title":{"rendered":"Agulha para M\u00e1quina Botoneira Industrial TQx1 \u2013 Orange"},"content":{"rendered":"<p>Agulha para M\u00e1quina Botoneira TQx1 \u2013 Marca Orange<\/p>\n<p><strong>*Pacote com 10 agulhas<\/strong><\/p>\n<p>Dispon\u00edvel nas Numera\u00e7\u00f5es:\u00a0 12 \/ 14 \/ 16<\/p>\n<p>Equival\u00eancias: 1985 \/ 175 X 1<\/p>\n<p>&nbsp;<\/p>\n","protected":false},"excerpt":{"rendered":"<p>Agulha para M\u00e1quina Botoneira TQx1 \u2013 Marca Orange *Pacote com 10 agulhas Dispon\u00edvel nas Numera\u00e7\u00f5es:\u00a0 12 \/ 14 \/ 16 Equival\u00eancias: 1985 \/ 175 X 1<span class=\"excerpt-hellip\"> [\u2026]<\/span><\/p>\n","protected":false},"featured_media":3619,"template":"","meta":[],"product_brand":[],"product_cat":[30,44],"product_tag":[1043,1057,1058],"class_list":{"0":"post-3618","1":"product","2":"type-product","3":"status-publish","4":"has-post-thumbnail","6":"product_cat-agulha","7":"product_cat-agulha-maquina","8":"product_tag-agulha-maquina","9":"product_tag-botoneira","10":"product_tag-tqx1","12":"first","13":"instock","14":"shipping-taxable","15":"product-type-simple"},"_links":{"self":[{"href":"https:\/\/www.guigaaviamentos.com.br\/loja\/wp-json\/wp\/v2\/product\/3618","targetHints":{"allow":["GET"]}}],"collection":[{"href":"https:\/\/www.guigaaviamentos.com.br\/loja\/wp-json\/wp\/v2\/product"}],"about":[{"href":"https:\/\/www.guigaaviamentos.com.br\/loja\/wp-json\/wp\/v2\/types\/product"}],"wp:featuredmedia":[{"embeddable":true,"href":"https:\/\/www.guigaaviamentos.com.br\/loja\/wp-json\/wp\/v2\/media\/3619"}],"wp:attachment":[{"href":"https:\/\/www.guigaaviamentos.com.br\/loja\/wp-json\/wp\/v2\/media?parent=3618"}],"wp:term":[{"taxonomy":"product_brand","embeddable":true,"href":"https:\/\/www.guigaaviamentos.com.br\/loja\/wp-json\/wp\/v2\/product_brand?post=3618"},{"taxonomy":"product_cat","embeddable":true,"href":"https:\/\/www.guigaaviamentos.com.br\/loja\/wp-json\/wp\/v2\/product_cat?post=3618"},{"taxonomy":"product_tag","embeddable":true,"href":"https:\/\/www.guigaaviamentos.com.br\/loja\/wp-json\/wp\/v2\/product_tag?post=3618"}],"curies":[{"name":"wp","href":"https:\/\/api.w.org\/{rel}","templated":true}]}}