{"id":3538,"date":"2025-06-05T16:26:14","date_gmt":"2025-06-05T19:26:14","guid":{"rendered":"https:\/\/www.guigaaviamentos.com.br\/loja\/?post_type=product&#038;p=3538"},"modified":"2026-03-28T08:55:43","modified_gmt":"2026-03-28T11:55:43","slug":"oleo-mineral-para-maquina-de-costura-reta-overlock-galoneira","status":"publish","type":"product","link":"https:\/\/www.guigaaviamentos.com.br\/loja\/produto\/oleo-mineral-para-maquina-de-costura-reta-overlock-galoneira\/","title":{"rendered":"\u00d3leo Mineral para m\u00e1quina de costura reta\/overlock\/galoneira"},"content":{"rendered":"<p>O \u00d3leo Branco Silicones Paulista utiliza um lubrificante pur\u00edssimo, altamente refinado, de apar\u00eancia transparente. Indicado para lubrifica\u00e7\u00e3o de m\u00e1quinas de costura industriais e dom\u00e9sticas, proporcionando alta prote\u00e7\u00e3o contra corros\u00e3o, ferrugem e desgaste.<\/p>\n<p>Para todos os modelos de m\u00e1quinas de costura industrial e dom\u00e9sticas.<\/p>\n<p>Composi\u00e7\u00e3o: \u00d3leo Mineral e Polimerizados<\/p>\n<p>Tamanhos Dispon\u00edveis: 100 ml, 1 litro e 5 litros.<\/p>\n<p>&nbsp;<\/p>\n","protected":false},"excerpt":{"rendered":"<p>O \u00d3leo Branco Silicones Paulista utiliza um lubrificante pur\u00edssimo, altamente refinado, de apar\u00eancia transparente. Indicado para lubrifica\u00e7\u00e3o de m\u00e1quinas de costura industriais e dom\u00e9sticas, proporcionando alta<span class=\"excerpt-hellip\"> [\u2026]<\/span><\/p>\n","protected":false},"featured_media":3542,"template":"","meta":[],"product_brand":[],"product_cat":[74],"product_tag":[965,502],"class_list":{"0":"post-3538","1":"product","2":"type-product","3":"status-publish","4":"has-post-thumbnail","6":"product_cat-oleo-silicone","7":"product_tag-oleo","8":"product_tag-silicone","10":"first","11":"instock","12":"shipping-taxable","13":"product-type-simple"},"_links":{"self":[{"href":"https:\/\/www.guigaaviamentos.com.br\/loja\/wp-json\/wp\/v2\/product\/3538","targetHints":{"allow":["GET"]}}],"collection":[{"href":"https:\/\/www.guigaaviamentos.com.br\/loja\/wp-json\/wp\/v2\/product"}],"about":[{"href":"https:\/\/www.guigaaviamentos.com.br\/loja\/wp-json\/wp\/v2\/types\/product"}],"wp:featuredmedia":[{"embeddable":true,"href":"https:\/\/www.guigaaviamentos.com.br\/loja\/wp-json\/wp\/v2\/media\/3542"}],"wp:attachment":[{"href":"https:\/\/www.guigaaviamentos.com.br\/loja\/wp-json\/wp\/v2\/media?parent=3538"}],"wp:term":[{"taxonomy":"product_brand","embeddable":true,"href":"https:\/\/www.guigaaviamentos.com.br\/loja\/wp-json\/wp\/v2\/product_brand?post=3538"},{"taxonomy":"product_cat","embeddable":true,"href":"https:\/\/www.guigaaviamentos.com.br\/loja\/wp-json\/wp\/v2\/product_cat?post=3538"},{"taxonomy":"product_tag","embeddable":true,"href":"https:\/\/www.guigaaviamentos.com.br\/loja\/wp-json\/wp\/v2\/product_tag?post=3538"}],"curies":[{"name":"wp","href":"https:\/\/api.w.org\/{rel}","templated":true}]}}