{"id":3528,"date":"2025-06-05T14:10:58","date_gmt":"2025-06-05T17:10:58","guid":{"rendered":"https:\/\/www.guigaaviamentos.com.br\/loja\/?post_type=product&#038;p=3528"},"modified":"2026-03-23T12:56:59","modified_gmt":"2026-03-23T15:56:59","slug":"tesoura-profissonal-de-picotar-zig-zag-lanmax","status":"publish","type":"product","link":"https:\/\/www.guigaaviamentos.com.br\/loja\/produto\/tesoura-profissonal-de-picotar-zig-zag-lanmax\/","title":{"rendered":"TESOURA PROFISSONAL DE PICOTAR ZIG ZAG LANMAX"},"content":{"rendered":"<p>***TESOURA DE PICOTAR LANMAX***GARANTIA DE QUALIDADE ****<\/p>\n<p>A TESOURA DE PICOTAR EM FORMATO DE ZIG ZAG PODE SER UTILIZADA PARA UMA INFINIDADE DE TIPOS DE TECIDO, COMO TRICOLINE, COURO, EVA, MALHA, INCLUSIVE PARA PAPEL, GARANTIDO UM ACABAMENTO IMPEC\u00c1VEL E UM DESING INCR\u00cdVEL EM SEUS TRABALHOS.<\/p>\n<p>SEU FORMATO DE CABO ANAT\u00d4MICO GARANTE PRECIS\u00c3O E MACIEZ NO CORTE, E A L\u00c2MINA DE A\u00c7O INOX GARANTE UMA MAIOR DURABILIDADE.<\/p>\n","protected":false},"excerpt":{"rendered":"<p>***TESOURA DE PICOTAR LANMAX***GARANTIA DE QUALIDADE **** A TESOURA DE PICOTAR EM FORMATO DE ZIG ZAG PODE SER UTILIZADA PARA UMA INFINIDADE DE TIPOS DE TECIDO,<span class=\"excerpt-hellip\"> [\u2026]<\/span><\/p>\n","protected":false},"featured_media":3529,"template":"","meta":[],"product_brand":[],"product_cat":[82,83],"product_tag":[112,1033,111],"class_list":{"0":"post-3528","1":"product","2":"type-product","3":"status-publish","4":"has-post-thumbnail","6":"product_cat-corte-costura","7":"product_cat-tesoura","8":"product_tag-lanmax","9":"product_tag-picotar","10":"product_tag-tesoura","12":"first","13":"instock","14":"shipping-taxable","15":"product-type-simple"},"_links":{"self":[{"href":"https:\/\/www.guigaaviamentos.com.br\/loja\/wp-json\/wp\/v2\/product\/3528","targetHints":{"allow":["GET"]}}],"collection":[{"href":"https:\/\/www.guigaaviamentos.com.br\/loja\/wp-json\/wp\/v2\/product"}],"about":[{"href":"https:\/\/www.guigaaviamentos.com.br\/loja\/wp-json\/wp\/v2\/types\/product"}],"wp:featuredmedia":[{"embeddable":true,"href":"https:\/\/www.guigaaviamentos.com.br\/loja\/wp-json\/wp\/v2\/media\/3529"}],"wp:attachment":[{"href":"https:\/\/www.guigaaviamentos.com.br\/loja\/wp-json\/wp\/v2\/media?parent=3528"}],"wp:term":[{"taxonomy":"product_brand","embeddable":true,"href":"https:\/\/www.guigaaviamentos.com.br\/loja\/wp-json\/wp\/v2\/product_brand?post=3528"},{"taxonomy":"product_cat","embeddable":true,"href":"https:\/\/www.guigaaviamentos.com.br\/loja\/wp-json\/wp\/v2\/product_cat?post=3528"},{"taxonomy":"product_tag","embeddable":true,"href":"https:\/\/www.guigaaviamentos.com.br\/loja\/wp-json\/wp\/v2\/product_tag?post=3528"}],"curies":[{"name":"wp","href":"https:\/\/api.w.org\/{rel}","templated":true}]}}