{"id":3482,"date":"2025-05-16T13:22:58","date_gmt":"2025-05-16T16:22:58","guid":{"rendered":"https:\/\/www.guigaaviamentos.com.br\/loja\/?post_type=product&#038;p=3482"},"modified":"2026-03-23T12:06:05","modified_gmt":"2026-03-23T15:06:05","slug":"kit-3-tesouras-de-titanio-profissional-lanmax","status":"publish","type":"product","link":"https:\/\/www.guigaaviamentos.com.br\/loja\/produto\/kit-3-tesouras-de-titanio-profissional-lanmax\/","title":{"rendered":"Kit 3 Tesouras de Tit\u00e2nio Profissional Lanmax"},"content":{"rendered":"<p class=\"QN2lPu\">***KIT COM 3 TESOURAS DE TIT\u00c2NIO***<\/p>\n<p class=\"QN2lPu\">A L\u00c2MINA DE TIT\u00c2NIO \u00c9 REFOR\u00c7ADA, LEVE E DE ALTA DURABILIDADE, PODENDO SER UTILIZADA DE IN\u00daMERAS MANEIRAS. PODE SER UTILIZADA PARA TECIDOS EM GERAL, PATCHWORK, FELTRO, EVA, ENTRE OUTROS. O KIT CONT\u00c9M:<\/p>\n<p class=\"QN2lPu\">*1 TESOURA PEQUENA 5.5 POLEGADAS &#8211; 14CM (TAMANHO TOTAL)<\/p>\n<p class=\"QN2lPu\">*1 TESOURA M\u00c9DIA 8.5 POLEGADAS &#8211; 21,5CM (TAMANHO TOTAL)<\/p>\n<p class=\"QN2lPu\">*1 TESOURA M\u00c9DIA 9.5 POLEGADAS &#8211; 25,5CM (TAMANHO TOTAL)<\/p>\n<p class=\"QN2lPu\">*****GARANTIA DE QUALIDADE GARANTIDA*****<\/p>\n","protected":false},"excerpt":{"rendered":"<p>***KIT COM 3 TESOURAS DE TIT\u00c2NIO*** A L\u00c2MINA DE TIT\u00c2NIO \u00c9 REFOR\u00c7ADA, LEVE E DE ALTA DURABILIDADE, PODENDO SER UTILIZADA DE IN\u00daMERAS MANEIRAS. PODE SER UTILIZADA<span class=\"excerpt-hellip\"> [\u2026]<\/span><\/p>\n","protected":false},"featured_media":3483,"template":"","meta":[],"product_brand":[],"product_cat":[85,82,83],"product_tag":[1013,112,111,1014],"class_list":{"0":"post-3482","1":"product","2":"type-product","3":"status-publish","4":"has-post-thumbnail","6":"product_cat-acessorios-costura","7":"product_cat-corte-costura","8":"product_cat-tesoura","9":"product_tag-kit","10":"product_tag-lanmax","11":"product_tag-tesoura","12":"product_tag-titanio","14":"first","15":"instock","16":"shipping-taxable","17":"product-type-simple"},"_links":{"self":[{"href":"https:\/\/www.guigaaviamentos.com.br\/loja\/wp-json\/wp\/v2\/product\/3482","targetHints":{"allow":["GET"]}}],"collection":[{"href":"https:\/\/www.guigaaviamentos.com.br\/loja\/wp-json\/wp\/v2\/product"}],"about":[{"href":"https:\/\/www.guigaaviamentos.com.br\/loja\/wp-json\/wp\/v2\/types\/product"}],"wp:featuredmedia":[{"embeddable":true,"href":"https:\/\/www.guigaaviamentos.com.br\/loja\/wp-json\/wp\/v2\/media\/3483"}],"wp:attachment":[{"href":"https:\/\/www.guigaaviamentos.com.br\/loja\/wp-json\/wp\/v2\/media?parent=3482"}],"wp:term":[{"taxonomy":"product_brand","embeddable":true,"href":"https:\/\/www.guigaaviamentos.com.br\/loja\/wp-json\/wp\/v2\/product_brand?post=3482"},{"taxonomy":"product_cat","embeddable":true,"href":"https:\/\/www.guigaaviamentos.com.br\/loja\/wp-json\/wp\/v2\/product_cat?post=3482"},{"taxonomy":"product_tag","embeddable":true,"href":"https:\/\/www.guigaaviamentos.com.br\/loja\/wp-json\/wp\/v2\/product_tag?post=3482"}],"curies":[{"name":"wp","href":"https:\/\/api.w.org\/{rel}","templated":true}]}}