{"id":3371,"date":"2025-03-27T14:00:07","date_gmt":"2025-03-27T17:00:07","guid":{"rendered":"https:\/\/www.guigaaviamentos.com.br\/loja\/?post_type=product&#038;p=3371"},"modified":"2026-03-30T16:13:41","modified_gmt":"2026-03-30T19:13:41","slug":"entretela-de-malha","status":"publish","type":"product","link":"https:\/\/www.guigaaviamentos.com.br\/loja\/produto\/entretela-de-malha\/","title":{"rendered":"Entretela de Malha"},"content":{"rendered":"<p>ENTRETELA DE MALHA TERMOCOLANTE IDEAL PARA ESTRUTURA\u00c7\u00c3O DE TECIDOS EM GERAL, PROPORCIONANDO \u00d3TIMO ACABAMENTO, EVITANDO O ENRUGAMENTO DA PE\u00c7A AP\u00d3S O FUSIONAMENTO E MANTENDO AS CARACTER\u00cdSTICAS ORIGINAIS DO TECIDO. POSSUI EXCELENTE ELASTICIDADE E ALTA RESIST\u00caNCIA.<\/p>\n<p>UTILIZADA PARA DIVERSAS APLICA\u00c7\u00d5ES COMO CAMISA, BLAZER, PE\u00c7AS DE MALHA, SPORT WEAR, VISTA DE CAMISA, BOLSOS. TAMB\u00c9M MUITO UTILIZADA PARA FORROS DE BORDADOS, PROPORCIONANDO UM TOQUE MACIO NA PE\u00c7A, SENDO IDEAL PARA PE\u00c7AS INFANTIS.<\/p>\n<p>CARACTER\u00cdSTICAS<\/p>\n<p>*Compsi\u00e7\u00e3o: 100% Poli\u00e9ster;<\/p>\n<p>*Largura: 1,50 metro;<\/p>\n<p>*Gramatura: 41g\/m2;<\/p>\n<p>*Toque Macio;<\/p>\n<p>*Temperatura Colagem: 140-150\u00b0C, por 12-15 segundos;<\/p>\n<p>*Lavagem at\u00e9 30\u00b0C.<\/p>\n<p>Trabalhamos com as cores branco e preto.<\/p>\n<p>Rolos com 25 metros e 100 metros.<\/p>\n<p>Marca: Ativa<\/p>\n","protected":false},"excerpt":{"rendered":"<p>ENTRETELA DE MALHA TERMOCOLANTE IDEAL PARA ESTRUTURA\u00c7\u00c3O DE TECIDOS EM GERAL, PROPORCIONANDO \u00d3TIMO ACABAMENTO, EVITANDO O ENRUGAMENTO DA PE\u00c7A AP\u00d3S O FUSIONAMENTO E MANTENDO AS CARACTER\u00cdSTICAS<span class=\"excerpt-hellip\"> [\u2026]<\/span><\/p>\n","protected":false},"featured_media":3372,"template":"","meta":[],"product_brand":[],"product_cat":[38,27],"product_tag":[1031,1030,885,1032],"class_list":{"0":"post-3371","1":"product","2":"type-product","3":"status-publish","4":"has-post-thumbnail","6":"product_cat-entretela-colante","7":"product_cat-entretela","8":"product_tag-alfaiataria","9":"product_tag-colante","10":"product_tag-entretela","11":"product_tag-malha","13":"first","14":"instock","15":"shipping-taxable","16":"product-type-simple"},"_links":{"self":[{"href":"https:\/\/www.guigaaviamentos.com.br\/loja\/wp-json\/wp\/v2\/product\/3371","targetHints":{"allow":["GET"]}}],"collection":[{"href":"https:\/\/www.guigaaviamentos.com.br\/loja\/wp-json\/wp\/v2\/product"}],"about":[{"href":"https:\/\/www.guigaaviamentos.com.br\/loja\/wp-json\/wp\/v2\/types\/product"}],"wp:featuredmedia":[{"embeddable":true,"href":"https:\/\/www.guigaaviamentos.com.br\/loja\/wp-json\/wp\/v2\/media\/3372"}],"wp:attachment":[{"href":"https:\/\/www.guigaaviamentos.com.br\/loja\/wp-json\/wp\/v2\/media?parent=3371"}],"wp:term":[{"taxonomy":"product_brand","embeddable":true,"href":"https:\/\/www.guigaaviamentos.com.br\/loja\/wp-json\/wp\/v2\/product_brand?post=3371"},{"taxonomy":"product_cat","embeddable":true,"href":"https:\/\/www.guigaaviamentos.com.br\/loja\/wp-json\/wp\/v2\/product_cat?post=3371"},{"taxonomy":"product_tag","embeddable":true,"href":"https:\/\/www.guigaaviamentos.com.br\/loja\/wp-json\/wp\/v2\/product_tag?post=3371"}],"curies":[{"name":"wp","href":"https:\/\/api.w.org\/{rel}","templated":true}]}}