{"id":3145,"date":"2021-08-05T14:22:20","date_gmt":"2021-08-05T17:22:20","guid":{"rendered":"https:\/\/www.guigaaviamentos.com.br\/loja\/?post_type=product&#038;p=3145"},"modified":"2026-04-01T14:45:59","modified_gmt":"2026-04-01T17:45:59","slug":"tnt-80-metro-rolo-santa-fe","status":"publish","type":"product","link":"https:\/\/www.guigaaviamentos.com.br\/loja\/produto\/tnt-80-metro-rolo-santa-fe\/","title":{"rendered":"TNT 60 &#8211; SANTA F\u00c9"},"content":{"rendered":"<p>TNT Gramatura 60 em metro da marca Santa F\u00e9.<\/p>\n<p>O TNT com gramatura de 60\u00a0\u00e9 utilizado em diversas aplica\u00e7\u00f5es, desde itens hospitalares e de prote\u00e7\u00e3o individual at\u00e9 artesanato e decora\u00e7\u00e3o.\u00a0A sua resist\u00eancia e facilidade de manuseio o tornam uma boa op\u00e7\u00e3o para embalagens, revestimentos, forros e muito mais<\/p>\n<p>Cores Dispon\u00edveis: Branco e Preto<\/p>\n<p>Largura do rolo: 1,5 metros<\/p>\n<p>&nbsp;<\/p>\n<p>&nbsp;<\/p>\n","protected":false},"excerpt":{"rendered":"<p>TNT Gramatura 60 em metro da marca Santa F\u00e9. O TNT com gramatura de 60\u00a0\u00e9 utilizado em diversas aplica\u00e7\u00f5es, desde itens hospitalares e de prote\u00e7\u00e3o individual<span class=\"excerpt-hellip\"> [\u2026]<\/span><\/p>\n","protected":false},"featured_media":3146,"template":"","meta":[],"product_brand":[],"product_cat":[66],"product_tag":[1337,497,979],"class_list":{"0":"post-3145","1":"product","2":"type-product","3":"status-publish","4":"has-post-thumbnail","6":"product_cat-feltros-tnt-santa-fe","7":"product_tag-1337","8":"product_tag-santa-fe","9":"product_tag-tnt","11":"first","12":"instock","13":"shipping-taxable","14":"product-type-simple"},"_links":{"self":[{"href":"https:\/\/www.guigaaviamentos.com.br\/loja\/wp-json\/wp\/v2\/product\/3145","targetHints":{"allow":["GET"]}}],"collection":[{"href":"https:\/\/www.guigaaviamentos.com.br\/loja\/wp-json\/wp\/v2\/product"}],"about":[{"href":"https:\/\/www.guigaaviamentos.com.br\/loja\/wp-json\/wp\/v2\/types\/product"}],"wp:featuredmedia":[{"embeddable":true,"href":"https:\/\/www.guigaaviamentos.com.br\/loja\/wp-json\/wp\/v2\/media\/3146"}],"wp:attachment":[{"href":"https:\/\/www.guigaaviamentos.com.br\/loja\/wp-json\/wp\/v2\/media?parent=3145"}],"wp:term":[{"taxonomy":"product_brand","embeddable":true,"href":"https:\/\/www.guigaaviamentos.com.br\/loja\/wp-json\/wp\/v2\/product_brand?post=3145"},{"taxonomy":"product_cat","embeddable":true,"href":"https:\/\/www.guigaaviamentos.com.br\/loja\/wp-json\/wp\/v2\/product_cat?post=3145"},{"taxonomy":"product_tag","embeddable":true,"href":"https:\/\/www.guigaaviamentos.com.br\/loja\/wp-json\/wp\/v2\/product_tag?post=3145"}],"curies":[{"name":"wp","href":"https:\/\/api.w.org\/{rel}","templated":true}]}}