{"id":2943,"date":"2021-07-23T10:39:11","date_gmt":"2021-07-23T13:39:11","guid":{"rendered":"https:\/\/www.guigaaviamentos.com.br\/loja\/?post_type=product&#038;p=2943"},"modified":"2026-04-01T10:17:24","modified_gmt":"2026-04-01T13:17:24","slug":"etamine-para-bordado-10m-art-brasil","status":"publish","type":"product","link":"https:\/\/www.guigaaviamentos.com.br\/loja\/produto\/etamine-para-bordado-10m-art-brasil\/","title":{"rendered":"Tecido Etamine Branco para Bordado 100% Algod\u00e3o"},"content":{"rendered":"<p>O Etamine \u00e9 um tecido super indicado para fazer lindos bordados ponto cruz, ponto cheio, ponto atr\u00e1s e ponto reto, dentre diversos outros tipos de pontos. Seus fios formam blocos bem definidos, facilitando na hora da contagem de pontos no bordados.<\/p>\n<p>CARACTER\u00cdSTICAS<br \/>\n*COMPOSI\u00c7\u00c3O: 100% ALGOD\u00c3O<br \/>\n*LARGURA: 1,40 METRO<\/p>\n<p>Marca: ART BRASIL<\/p>\n","protected":false},"excerpt":{"rendered":"<p>O Etamine \u00e9 um tecido super indicado para fazer lindos bordados ponto cruz, ponto cheio, ponto atr\u00e1s e ponto reto, dentre diversos outros tipos de pontos.<span class=\"excerpt-hellip\"> [\u2026]<\/span><\/p>\n","protected":false},"featured_media":3815,"template":"","meta":[],"product_brand":[],"product_cat":[940],"product_tag":[915,941],"class_list":{"0":"post-2943","1":"product","2":"type-product","3":"status-publish","4":"has-post-thumbnail","6":"product_cat-etamine","7":"product_tag-art-brasil","8":"product_tag-etamine","10":"first","11":"instock","12":"shipping-taxable","13":"product-type-simple"},"_links":{"self":[{"href":"https:\/\/www.guigaaviamentos.com.br\/loja\/wp-json\/wp\/v2\/product\/2943","targetHints":{"allow":["GET"]}}],"collection":[{"href":"https:\/\/www.guigaaviamentos.com.br\/loja\/wp-json\/wp\/v2\/product"}],"about":[{"href":"https:\/\/www.guigaaviamentos.com.br\/loja\/wp-json\/wp\/v2\/types\/product"}],"wp:featuredmedia":[{"embeddable":true,"href":"https:\/\/www.guigaaviamentos.com.br\/loja\/wp-json\/wp\/v2\/media\/3815"}],"wp:attachment":[{"href":"https:\/\/www.guigaaviamentos.com.br\/loja\/wp-json\/wp\/v2\/media?parent=2943"}],"wp:term":[{"taxonomy":"product_brand","embeddable":true,"href":"https:\/\/www.guigaaviamentos.com.br\/loja\/wp-json\/wp\/v2\/product_brand?post=2943"},{"taxonomy":"product_cat","embeddable":true,"href":"https:\/\/www.guigaaviamentos.com.br\/loja\/wp-json\/wp\/v2\/product_cat?post=2943"},{"taxonomy":"product_tag","embeddable":true,"href":"https:\/\/www.guigaaviamentos.com.br\/loja\/wp-json\/wp\/v2\/product_tag?post=2943"}],"curies":[{"name":"wp","href":"https:\/\/api.w.org\/{rel}","templated":true}]}}