{"id":2810,"date":"2021-07-19T17:01:19","date_gmt":"2021-07-19T20:01:19","guid":{"rendered":"https:\/\/www.guigaaviamentos.com.br\/loja\/?post_type=product&#038;p=2810"},"modified":"2026-01-27T15:48:00","modified_gmt":"2026-01-27T18:48:00","slug":"linha-de-bordado-vision-resistente","status":"publish","type":"product","link":"https:\/\/www.guigaaviamentos.com.br\/loja\/produto\/linha-de-bordado-vision-resistente\/","title":{"rendered":"Linha de Bordado Vision &#8211; RESISTENTE"},"content":{"rendered":"<h1 style=\"text-align: center;\"><strong>ACESSE O LINK ABAIXO PARA TER ACESSO A TABELA DE CORES DA VISION.<\/strong><\/h1>\n<p style=\"text-align: center;\"><a href=\"https:\/\/www.guigaaviamentos.com.br\/loja\/wp-content\/uploads\/2021\/07\/catalogo_Vision-Resistente.pdf\" target=\"_blank\" rel=\"noopener noreferrer\">https:\/\/www.guigaaviamentos.com.br\/loja\/wp-content\/uploads\/2021\/07\/catalogo_Vision-Resistente.pdf<\/a><\/p>\n<p style=\"text-align: center;\"><strong>CONFIRA O C\u00d3DIGOS DAS CORES NA TABELA.<\/strong><\/p>\n<p>Informa\u00e7\u00f5es importantes<\/p>\n<p>Vision \u00e9 uma linha de poli\u00e9ster trilobal para bordar \u00e0 m\u00e1quina. Possui brilho superior, durabilidade e opera\u00e7\u00e3o suave nas mais altas velocidades, o que a tornou uma escolha popular entre os clientes de bordados que buscam desempenho e durabilidade.<\/p>\n<p>Indica\u00e7\u00f5es de uso<\/p>\n<p>Todos os bordados em roupas ou acess\u00f3rios que est\u00e3o sujeitos a desgaste ou lavagem frequente, bon\u00e9s, chap\u00e9us, malas e acess\u00f3rios, logotipos de equipes em roupas esportivas, t\u00eaxteis para o lar, roupas infantis, vestu\u00e1rio de trabalho, roupas corporativas, costuras decorativas em lingeries.<\/p>\n<p>Recursos e Benef\u00edcios<\/p>\n<p>Produzida usando a mais avan\u00e7ada tecnologia para garantir um \u00f3timo desempenho<br \/>\nExcelente brilho e extensa gama de cores e durabilidade<br \/>\nSolidez de cor superior e resist\u00eancia qu\u00edmica<br \/>\nLubrifica\u00e7\u00e3o \u00fanica, resultando em alta produtividade<br \/>\nResist\u00eancia \u00e0 abras\u00e3o superior para usos finais exigentes<\/p>\n<p>Projetado para costurar nas velocidades mais altas.<\/p>\n<p>&nbsp;<\/p>\n<p>*100% Poli\u00e9ster Lubrificada;<\/p>\n<p>*Tex 27;<\/p>\n<p>*4.000 metros.<\/p>\n<p>&nbsp;<\/p>\n","protected":false},"excerpt":{"rendered":"<p>ACESSE O LINK ABAIXO PARA TER ACESSO A TABELA DE CORES DA VISION. https:\/\/www.guigaaviamentos.com.br\/loja\/wp-content\/uploads\/2021\/07\/catalogo_Vision-Resistente.pdf CONFIRA O C\u00d3DIGOS DAS CORES NA TABELA. Informa\u00e7\u00f5es importantes Vision \u00e9 uma<span class=\"excerpt-hellip\"> [\u2026]<\/span><\/p>\n","protected":false},"featured_media":2819,"template":"","meta":[],"product_brand":[],"product_cat":[26],"product_tag":[137,86,741,1665],"class_list":{"0":"post-2810","1":"product","2":"type-product","3":"status-publish","4":"has-post-thumbnail","6":"product_cat-linhas-fios","7":"product_tag-bordado","8":"product_tag-linha","9":"product_tag-linha-de-bordado","10":"product_tag-vision","12":"first","13":"instock","14":"shipping-taxable","15":"purchasable","16":"product-type-variable"},"_links":{"self":[{"href":"https:\/\/www.guigaaviamentos.com.br\/loja\/wp-json\/wp\/v2\/product\/2810","targetHints":{"allow":["GET"]}}],"collection":[{"href":"https:\/\/www.guigaaviamentos.com.br\/loja\/wp-json\/wp\/v2\/product"}],"about":[{"href":"https:\/\/www.guigaaviamentos.com.br\/loja\/wp-json\/wp\/v2\/types\/product"}],"wp:featuredmedia":[{"embeddable":true,"href":"https:\/\/www.guigaaviamentos.com.br\/loja\/wp-json\/wp\/v2\/media\/2819"}],"wp:attachment":[{"href":"https:\/\/www.guigaaviamentos.com.br\/loja\/wp-json\/wp\/v2\/media?parent=2810"}],"wp:term":[{"taxonomy":"product_brand","embeddable":true,"href":"https:\/\/www.guigaaviamentos.com.br\/loja\/wp-json\/wp\/v2\/product_brand?post=2810"},{"taxonomy":"product_cat","embeddable":true,"href":"https:\/\/www.guigaaviamentos.com.br\/loja\/wp-json\/wp\/v2\/product_cat?post=2810"},{"taxonomy":"product_tag","embeddable":true,"href":"https:\/\/www.guigaaviamentos.com.br\/loja\/wp-json\/wp\/v2\/product_tag?post=2810"}],"curies":[{"name":"wp","href":"https:\/\/api.w.org\/{rel}","templated":true}]}}