{"id":2775,"date":"2021-07-14T16:51:44","date_gmt":"2021-07-14T19:51:44","guid":{"rendered":"https:\/\/www.guigaaviamentos.com.br\/loja\/?post_type=product&#038;p=2775"},"modified":"2026-04-01T14:40:22","modified_gmt":"2026-04-01T17:40:22","slug":"matrizes-cardenas-a-partir-de-r2180","status":"publish","type":"product","link":"https:\/\/www.guigaaviamentos.com.br\/loja\/produto\/matrizes-cardenas-a-partir-de-r2180\/","title":{"rendered":"Matrizes &#8211; CARDENAS"},"content":{"rendered":"<p>Matrizes para forra\u00e7\u00e3o de bot\u00f5es bomb\u00ea pl\u00e1stico, bomb\u00ea tapeceiro, bomb\u00ea furado alum\u00ednio e bomb\u00ea rebit\u00e3o.<\/p>\n<p>Tamanhos: 10mm, 12mm, 14mm, 16mm, 18mm, 20mm, 22mm, 24mm, 26mm, 28mm, 30mm.<\/p>\n<p><strong>Somente a matriz. Este produto n\u00e3o vem com bot\u00e3o<\/strong><\/p>\n<p>Caracter\u00edsticas<\/p>\n<p>\ud83d\udd39Composi\u00e7\u00e3o: Lat\u00e3o<br \/>\n\ud83d\udd39Quantidade: 1 Matriz para Forrar Bot\u00f5es<br \/>\n\ud83d\udd39Marca: Cardenas<br \/>\n\ud83d\udd39IMPORTANTE: \u00c9 NECESS\u00c1RIO UTILIZAR O BOT\u00c3O COMPAT\u00cdVEL COM O TAMANHO DA MATRIZ.<\/p>\n","protected":false},"excerpt":{"rendered":"<p>Matrizes para forra\u00e7\u00e3o de bot\u00f5es bomb\u00ea pl\u00e1stico, bomb\u00ea tapeceiro, bomb\u00ea furado alum\u00ednio e bomb\u00ea rebit\u00e3o. Tamanhos: 10mm, 12mm, 14mm, 16mm, 18mm, 20mm, 22mm, 24mm, 26mm, 28mm,<span class=\"excerpt-hellip\"> [\u2026]<\/span><\/p>\n","protected":false},"featured_media":2787,"template":"","meta":[],"product_brand":[],"product_cat":[48,54],"product_tag":[121,453,454],"class_list":{"0":"post-2775","1":"product","2":"type-product","3":"status-publish","4":"has-post-thumbnail","6":"product_cat-botao-matrizes-ilhos","7":"product_cat-matrizes","8":"product_tag-botao","9":"product_tag-botao-forrar","10":"product_tag-cardenas","12":"first","13":"instock","14":"shipping-taxable","15":"product-type-simple"},"_links":{"self":[{"href":"https:\/\/www.guigaaviamentos.com.br\/loja\/wp-json\/wp\/v2\/product\/2775","targetHints":{"allow":["GET"]}}],"collection":[{"href":"https:\/\/www.guigaaviamentos.com.br\/loja\/wp-json\/wp\/v2\/product"}],"about":[{"href":"https:\/\/www.guigaaviamentos.com.br\/loja\/wp-json\/wp\/v2\/types\/product"}],"wp:featuredmedia":[{"embeddable":true,"href":"https:\/\/www.guigaaviamentos.com.br\/loja\/wp-json\/wp\/v2\/media\/2787"}],"wp:attachment":[{"href":"https:\/\/www.guigaaviamentos.com.br\/loja\/wp-json\/wp\/v2\/media?parent=2775"}],"wp:term":[{"taxonomy":"product_brand","embeddable":true,"href":"https:\/\/www.guigaaviamentos.com.br\/loja\/wp-json\/wp\/v2\/product_brand?post=2775"},{"taxonomy":"product_cat","embeddable":true,"href":"https:\/\/www.guigaaviamentos.com.br\/loja\/wp-json\/wp\/v2\/product_cat?post=2775"},{"taxonomy":"product_tag","embeddable":true,"href":"https:\/\/www.guigaaviamentos.com.br\/loja\/wp-json\/wp\/v2\/product_tag?post=2775"}],"curies":[{"name":"wp","href":"https:\/\/api.w.org\/{rel}","templated":true}]}}