{"id":2637,"date":"2021-07-12T15:08:48","date_gmt":"2021-07-12T18:08:48","guid":{"rendered":"https:\/\/www.guigaaviamentos.com.br\/loja\/?post_type=product&#038;p=2637"},"modified":"2026-03-23T11:58:40","modified_gmt":"2026-03-23T14:58:40","slug":"lamina-de-reposicao-lanmax","status":"publish","type":"product","link":"https:\/\/www.guigaaviamentos.com.br\/loja\/produto\/lamina-de-reposicao-lanmax\/","title":{"rendered":"L\u00e2mina de Reposi\u00e7\u00e3o &#8211; LANMAX"},"content":{"rendered":"<p>L\u00e2mina de reposi\u00e7\u00e3o da l\u00e2mina do Cortador Circular Manual &#8211; LANMAX<\/p>\n<p>&nbsp;<\/p>\n<p>ATEN\u00c7\u00c3O: Manusear com CUIDADO, l\u00e2mina muito afiada!<\/p>\n<p>Marca: LANMAX<\/p>\n","protected":false},"excerpt":{"rendered":"<p>L\u00e2mina de reposi\u00e7\u00e3o da l\u00e2mina do Cortador Circular Manual &#8211; LANMAX &nbsp; ATEN\u00c7\u00c3O: Manusear com CUIDADO, l\u00e2mina muito afiada! Marca: LANMAX<\/p>\n","protected":false},"featured_media":2638,"template":"","meta":[],"product_brand":[],"product_cat":[79,85,77,82,76],"product_tag":[126,121,130,1114,112],"class_list":{"0":"post-2637","1":"product","2":"type-product","3":"status-publish","4":"has-post-thumbnail","6":"product_cat-patchwork-acessorios","7":"product_cat-acessorios-costura","8":"product_cat-patchwork-base-corte-cortadores","9":"product_cat-corte-costura","10":"product_cat-patchwork","11":"product_tag-alicate","12":"product_tag-botao","13":"product_tag-cortador","14":"product_tag-lamina","15":"product_tag-lanmax","17":"first","18":"instock","19":"shipping-taxable","20":"product-type-simple"},"_links":{"self":[{"href":"https:\/\/www.guigaaviamentos.com.br\/loja\/wp-json\/wp\/v2\/product\/2637","targetHints":{"allow":["GET"]}}],"collection":[{"href":"https:\/\/www.guigaaviamentos.com.br\/loja\/wp-json\/wp\/v2\/product"}],"about":[{"href":"https:\/\/www.guigaaviamentos.com.br\/loja\/wp-json\/wp\/v2\/types\/product"}],"wp:featuredmedia":[{"embeddable":true,"href":"https:\/\/www.guigaaviamentos.com.br\/loja\/wp-json\/wp\/v2\/media\/2638"}],"wp:attachment":[{"href":"https:\/\/www.guigaaviamentos.com.br\/loja\/wp-json\/wp\/v2\/media?parent=2637"}],"wp:term":[{"taxonomy":"product_brand","embeddable":true,"href":"https:\/\/www.guigaaviamentos.com.br\/loja\/wp-json\/wp\/v2\/product_brand?post=2637"},{"taxonomy":"product_cat","embeddable":true,"href":"https:\/\/www.guigaaviamentos.com.br\/loja\/wp-json\/wp\/v2\/product_cat?post=2637"},{"taxonomy":"product_tag","embeddable":true,"href":"https:\/\/www.guigaaviamentos.com.br\/loja\/wp-json\/wp\/v2\/product_tag?post=2637"}],"curies":[{"name":"wp","href":"https:\/\/api.w.org\/{rel}","templated":true}]}}