{"id":2587,"date":"2021-07-12T12:43:53","date_gmt":"2021-07-12T15:43:53","guid":{"rendered":"https:\/\/www.guigaaviamentos.com.br\/loja\/?post_type=product&#038;p=2587"},"modified":"2026-03-28T09:09:59","modified_gmt":"2026-03-28T12:09:59","slug":"elastico-zanotti-lastex-branco","status":"publish","type":"product","link":"https:\/\/www.guigaaviamentos.com.br\/loja\/produto\/elastico-zanotti-lastex-branco\/","title":{"rendered":"El\u00e1stico Lastex &#8211; ZANOTTI"},"content":{"rendered":"<p>El\u00e1stico LASTEX<\/p>\n<p>Cores Dispon\u00edveis: Branco e Preto<\/p>\n<p>T\u00edtulo: 260 TEX<\/p>\n<p>Comprimento: 500m<\/p>\n","protected":false},"excerpt":{"rendered":"<p>El\u00e1stico LASTEX Cores Dispon\u00edveis: Branco e Preto T\u00edtulo: 260 TEX Comprimento: 500m<\/p>\n","protected":false},"featured_media":2589,"template":"","meta":[],"product_brand":[],"product_cat":[28,42],"product_tag":[115,120,117],"class_list":{"0":"post-2587","1":"product","2":"type-product","3":"status-publish","4":"has-post-thumbnail","6":"product_cat-elastico","7":"product_cat-elastico-zanotti","8":"product_tag-elastico","9":"product_tag-lastex","10":"product_tag-zanotti","12":"first","13":"instock","14":"shipping-taxable","15":"product-type-simple"},"_links":{"self":[{"href":"https:\/\/www.guigaaviamentos.com.br\/loja\/wp-json\/wp\/v2\/product\/2587","targetHints":{"allow":["GET"]}}],"collection":[{"href":"https:\/\/www.guigaaviamentos.com.br\/loja\/wp-json\/wp\/v2\/product"}],"about":[{"href":"https:\/\/www.guigaaviamentos.com.br\/loja\/wp-json\/wp\/v2\/types\/product"}],"wp:featuredmedia":[{"embeddable":true,"href":"https:\/\/www.guigaaviamentos.com.br\/loja\/wp-json\/wp\/v2\/media\/2589"}],"wp:attachment":[{"href":"https:\/\/www.guigaaviamentos.com.br\/loja\/wp-json\/wp\/v2\/media?parent=2587"}],"wp:term":[{"taxonomy":"product_brand","embeddable":true,"href":"https:\/\/www.guigaaviamentos.com.br\/loja\/wp-json\/wp\/v2\/product_brand?post=2587"},{"taxonomy":"product_cat","embeddable":true,"href":"https:\/\/www.guigaaviamentos.com.br\/loja\/wp-json\/wp\/v2\/product_cat?post=2587"},{"taxonomy":"product_tag","embeddable":true,"href":"https:\/\/www.guigaaviamentos.com.br\/loja\/wp-json\/wp\/v2\/product_tag?post=2587"}],"curies":[{"name":"wp","href":"https:\/\/api.w.org\/{rel}","templated":true}]}}